
0
What is the hundreds digit of 6434?
4
What is the ten thousands digit of 17425?
1
What is the thousands digit of 25947?
5
What is the thousands digit of 2808?
2
What is the thousands digit of 3555?
3
What is the tens digit of 4015?
1
What is the tens digit of 1689?
8
What is the ten thousands digit of 18809?
1
What is the units digit of 3831?
1
What is the thousands digit of 1933?
1
What is the ten thousands digit of 13298?
1
What is the hundreds digit of 20454?
4
What is the units digit of 97?
7
What is the units digit of 339?
9
What is the thousands digit of 2685?
2
What is the tens digit of 37396?
9
What is the hundreds digit of 1019?
0
What is the tens digit of 5812?
1
What is the thousands digit of 1683?
1
What is the thousands digit of 4196?
4
What is the tens digit of 923?
2
What is the hundreds digit of 716?
7
What is the hundreds digit of 14868?
8
What is the ten thousands digit of 22504?
2
What is the hundred thousands digit of 103415?
1
What is the thousands digit of 1800?
1
What is the tens digit of 1663?
6
What is the ten thousands digit of 13269?
1
What is the tens digit of 49027?
2
What is the tens digit of 17547?
4
What is the units digit of 6107?
7
What is the units digit of 23004?
4
What is the units digit of 4815?
5
What is the tens digit of 1781?
8
What is the tens digit of 825?
2
What is the ten thousands digit of 15752?
1
What is the units digit of 29695?
5
What is the hundreds digit of 4569?
5
What is the tens digit of 427?
2
What is the units digit of 1442?
2
What is the tens digit of 11475?
7
What is the tens digit of 1760?
6
What is the hundreds digit of 6203?
2
What is the thousands digit of 1627?
1
What is the units digit of 26190?
0
What is the tens digit of 662?
6
What is the hundreds digit of 14659?
6
What is the thousands digit of 49437?
9
What is the ten thousands digit of 13876?
1
What is the units digit of 1653?
3
What is the hundreds digit of 7887?
8
What is the hundreds digit of 11172?
1
What is the tens digit of 4154?
5
What is the tens digit of 168?
6
What is the tens digit of 209?
0
What is the units digit of 14994?
4
What is the tens digit of 117852?
5
What is the units digit of 1866?
6
What is the hundreds digit of 1190?
1
What is the tens digit of 26035?
3
What is the tens digit of 12177?
7
What is the ten thousands digit of 29666?
2
What is the hundreds digit of 1262?
2
What is the tens digit of 91834?
3
What is the hundreds digit of 753?
7
What is the thousands digit of 3214?
3
What is the units digit of 66930?
0
What is the hundreds digit of 526?
5
What is the tens digit of 8603?
0
What is the hundreds digit of 117852?
8
What is the tens digit of 5117?
1
What is the units digit of 5487?
7
What is the tens digit of 16654?
5
What is the units digit of 285?
5
What is the thousands digit of 25667?
5
What is the hundreds digit of 6017?
0
What is the thousands digit of 4104?
4
What is the ten thousands digit of 40286?
4
What is the tens digit of 20705?
0
What is the tens digit of 2171?
7
What is the tens digit of 1849?
4
What is the tens digit of 6381?
8
What is the thousands digit of 12559?
2
What is the ten thousands digit of 58071?
5
What is the hundreds digit of 520?
5
What is the hundreds digit of 776?
7
What is the thousands digit of 1162?
1
What is the hundreds digit of 29440?
4
What is the units digit of 491?
1
What is the tens digit of 7085?
8
What is the tens digit of 1029?
2
What is the units digit of 160950?
0
What is the units digit of 6291?
1
What is the tens digit of 9902?
0
What is the hundreds digit of 22834?
8
What is the tens digit of 93?
9
What is the units digit of 6900?
0
What is the hundreds digit of 7328?
3
What is the tens digit of 92942?
4
What is the units digit of 22162?
2
What is the tens digit of 30390?
9
What is the hundreds digit of 94402?
4
What is the hundreds digit of 1720?
7
What is the hundreds digit of 1947?
9
What is the tens digit of 1114?
1
What is the hundreds digit of 12049?
0
What is the thousands digit of 13172?
3
What is the thousands digit of 35769?
5
What is the units digit of 200?
0
What is the thousands digit of 68412?
8
What is the units digit of 53490?
0
What is the units digit of 1660?
0
What is the tens digit of 30370?
7
What is the thousands digit of 74294?
4
What is the units digit of 91140?
0
What is the hundreds digit of 83733?
7
What is the units digit of 13176?
6
What is the hundreds digit of 8578?
5
What is the hundreds digit of 3615?
6
What is the tens digit of 91838?
3
What is the thousands digit of 4203?
4
What is the hundreds digit of 1535?
5
What is the units digit of 3388?
8
What is the tens digit of 2578?
7
What is the tens digit of 35532?
3
What is the units digit of 658?
8
What is the tens digit of 23022?
2
What is the thousands digit of 2992?
2
What is the thousands digit of 23459?
3
What is the hundreds digit of 979?
9
What is the thousands digit of 7137?
7
What is the tens digit of 11162?
6
What is the tens digit of 531?
3
What is the hundreds digit of 15200?
2
What is the hundreds digit of 150773?
7
What is the units digit of 7192?
2
What is the thousands digit of 10110?
0
What is the thousands digit of 16384?
6
What is the tens digit of 213?
1
What is the hundreds digit of 878?
8
What is the hundreds digit of 961?
9
What is the hundreds digit of 350?
3
What is the ten thousands digit of 10511?
1
What is the thousands digit of 16473?
6
What is the hundreds digit of 165200?
2
What is the thousands digit of 57435?
7
What is the thousands digit of 11472?
1
What is the thousands digit of 22230?
2
What is the units digit of 3784?
4
What is the tens digit of 22304?
0
What is the units digit of 3447?
7
What is the tens digit of 17479?
7
What is the tens digit of 47884?
8
What is the hundreds digit of 2539?
5
What is the hundreds digit of 8493?
4
What is the thousands digit of 3088?
3
What is the units digit of 6905?
5
What is the hundreds digit of 7479?
4
What is the tens digit of 70?
7
What is the thousands digit of 8198?
8
What is the units digit of 2518?
8
What is the units digit of 17635?
5
What is the tens digit of 15326?
2
What is the units digit of 1621?
1
What is the thousands digit of 5443?
5
What is the tens digit of 14598?
9
What is the tens digit of 16243?
4
What is the thousands digit of 7092?
7
What is the thousands digit of 3906?
3
What is the units digit of 458?
8
What is the hundreds digit of 1192?
1
What is the hundreds digit of 38837?
8
What is the thousands digit of 1834?
1
What is the units digit of 16581?
1
What is the units digit of 18413?
3
What is the thousands digit of 126108?
6
What is the ten thousands digit of 109789?
0
What is the thousands digit of 4834?
4
What is the thousands digit of 46766?
6
What is the hundreds digit of 16933?
9
What is the tens digit of 46859?
5
What is the units digit of 301?
1
What is the thousands digit of 1394?
1
What is the units digit of 757?
7
What is the units digit of 250?
0
What is the hundreds digit of 3271?
2
What is the thousands digit of 8648?
8
What is the hundreds digit of 21567?
5
What is the ten thousands digit of 86640?
8
What is the units digit of 43168?
8
What is the hundreds digit of 827?
8
What is the thousands digit of 3462?
3
What is the ten thousands digit of 95135?
9
What is the ten thousands digit of 14285?
1
What is the hundreds digit of 391?
3
What is the hundreds digit of 707?
7
What is the hundreds digit of 61960?
9
What is the units digit of 1783?
3
What is the tens digit of 1168?
6
What is the tens digit of 774?
7
What is the thousands digit of 14061?
4
What is the tens digit of 3584?
8
What is the hundreds digit of 2758?
7
What is the units digit of 11506?
6
What is the hundreds digit of 1828?
8
What is the tens digit of 1093?
9
What is the units digit of 10317?
7
What is the units digit of 982?
2
What is the units digit of 3815?
5
What is the tens digit of 35142?
4
What is the units digit of 1414?
4
What is the thousands digit of 5802?
5
What is the ten thousands digit of 26730?
2
What is the hundreds digit of 1008?
0
What is the units digit of 2166?
6
What is the units digit of 9851?
1
What is the hundreds digit of 110015?
0
What is the units digit of 957?
7
What is the hundreds digit of 5949?
9
What is the hundreds digit of 7960?
9
What is 